132113
In base 9, what is 10408221 + -5?
10408215
In base 16, what is -5e075f5 + 0?
-5e075f5
In base 8, what is -30243507 - -12?
-30243475
In base 15, what is -8ec + -1b68?
-2565
In base 13, what is -2604279 - -4?
-2604275
In base 11, what is a63048 + 1?
a63049
In base 16, what is 1b0 + -1677?
-14c7
In base 4, what is -3123013201010 - -2?
-3123013201002
In base 7, what is -45502015 - -5?
-45502010
In base 12, what is 1480298 - -29?
1480305
In base 6, what is 323005253 + 54?
323005351
In base 12, what is 5b + -490a3b?
-4909a0
In base 9, what is 0 - -32725871?
32725871
In base 3, what is 1122201 - 1001121100?
-222221122
In base 14, what is 7 + -288765?
-28875c
In base 3, what is 1220102 - 2002112102?
-2000122000
In base 3, what is 0 + 2001021002012220?
2001021002012220
In base 9, what is -2152 + -23367?
-25530
In base 9, what is 0 - 22684176?
-22684176
In base 7, what is -16 + -20133666?
-20134015
In base 4, what is -12320 + 11032113?
11013133
In base 10, what is 23 - 1387039?
-1387016
In base 15, what is 2c44 - -17bd?
4512
In base 7, what is -232 - -440562?
440330
In base 16, what is 407 + -d233?
-ce2c
In base 5, what is -144122410 - -2?
-144122403
In base 13, what is -7b15b - -b9?
-7b072
In base 5, what is 1 + -30413202240?
-30413202234
In base 10, what is -75887 + 196?
-75691
In base 10, what is -69754959 - -2?
-69754957
In base 9, what is -488511 + -7?
-488518
In base 10, what is -616 + -10812?
-11428
In base 16, what is 595 + a3?
638
In base 8, what is -7 + 156545?
156536
In base 4, what is 300100 + -20123?
213311
In base 3, what is 10200001100021211 - -12?
10200001100022000
In base 16, what is 2 - -bd85c?
bd85e
In base 15, what is -bdd4 - 2?
-bdd6
In base 2, what is -10001110 - 1001000001001010?
-1001000011011000
In base 10, what is -95 - -15810?
15715
In base 4, what is 11012 + -231123213?
-231112201
In base 14, what is 15c - -2bba4?
2bd22
In base 14, what is 141aa41 - -8?
141aa49
In base 13, what is 160 + -6438?
-62a8
In base 3, what is -201100202100122121 + -1?
-201100202100122122
In base 12, what is a5916ab + -4?
a5916a7
In base 2, what is 10 - 1100001001101010011010?
-1100001001101010011000
In base 14, what is -1cc26 - -5c4?
-1c642
In base 5, what is 2 + 2022011331?
2022011333
In base 12, what is 0 + 20218030?
20218030
In base 13, what is 4 - -871460?
871464
In base 10, what is -3 - -3667946?
3667943
In base 8, what is -334 - 201641?
-202175
In base 16, what is -52 + -1ec83?
-1ecd5
In base 12, what is 337b544 + b?
337b553
In base 9, what is 113784750 - 4?
113784745
In base 9, what is -2 + -56620702?
-56620704
In base 10, what is -5 - 98056?
-98061
In base 9, what is 435 - 551045?
-550510
In base 9, what is -3743 - -44747?
41004
In base 6, what is 10523013445 + -5?
10523013440
In base 4, what is -31301 + 2020100?
1322133
In base 9, what is 13382647 - 2?
13382645
In base 4, what is 202 + 13323133?
13330001
In base 5, what is 201023 - -1044?
202122
In base 12, what is 2b855414 + 0?
2b855414
In base 10, what is -3986094 - -3?
-3986091
In base 16, what is -26 - 13cb05?
-13cb2b
In base 12, what is 4 + 805216b?
8052173
In base 6, what is -135 - 55454?
-100033
In base 7, what is -21166124 + 13?
-21166111
In base 12, what is -59 + -1629a94?
-1629b31
In base 11, what is -1045385 - -7?
-1045379
In base 12, what is -9827b + 159?
-98122
In base 6, what is -3231201523 + 22?
-3231201501
In base 10, what is -6008385 + 3?
-6008382
In base 6, what is 254 - 2320355?
-2320101
In base 15, what is 23b - -31831e?
31855a
In base 9, what is -12067732 + -5?
-12067737
In base 16, what is -5af8a276 - -1?
-5af8a275
In base 16, what is 5 + 1c1349?
1c134e
In base 8, what is 277 - 10261477?
-10261200
In base 7, what is -401515 + 1304?
-400211
In base 14, what is -25b - 1085ca?
-108847
In base 9, what is 1 + -36784742?
-36784741
In base 3, what is 211110 + -110020?
101020
In base 5, what is -3100303020 - 104?
-3100303124
In base 14, what is 5 - -a2c8930?
a2c8935
In base 10, what is -62455 - 61?
-62516
In base 9, what is 504448 - 13?
504435
In base 9, what is -1268873 + -15?
-1268888
In base 6, what is 20235015335 - -10?
20235015345
In base 11, what is 639a6614 + 9?
639a6622
In base 11, what is -18006055 - 1?
-18006056
In base 13, what is -1673b14 + 5c?
-1673a85
In base 7, what is 221 - -4241033?
4241254
In base 12, what is -94210ba + 23?
-9421097
In base 2, what is 101110101111110101000 - -101001?
101110101111111010001
In base 14, what is 37ada0c - -8?
37ada16
In base 6, what is 142354303 - -5?
142354312
In base 10, what is -24264756 - -2?
-24264754
In base 8, what is -1511 + 4577?
3066
In base 5, what is -23002121 - 42?
-23002213
In base 14, what is -31c560 - 5?
-31c565
In base 2, what is 1101 - -1011110100011010101?
1011110100011100010
In base 2, what is 1011000100111000111100010 - 0?
1011000100111000111100010
In base 2, what is 11 - -101000000110101000011000100?
101000000110101000011000111
In base 7, what is -64311 + 1232?
-63046
In base 16, what is 10 + 267a62?
267a72
In base 11, what is -5789a5 - -1?
-5789a4
In base 13, what is 708264 + -1?
708263
In base 14, what is -12 + -9ca57?
-9ca69
In base 2, what is -10111 + 101000011110111000?
101000011110100001
In base 10, what is 103 - 52611?
-52508
In base 2, what is -111100000011110 - -101000010?
-111011011011100
In base 2, what is 1010001101010101010 + 100110110?
1010001101111100000
In base 14, what is 1da9999 - -8?
1da99a3
In base 4, what is -23200 + -21121?
-110321
In base 9, what is -2 - -3425233?
3425231
In base 16, what is -2b2 + cb46b?
cb1b9
In base 2, what is -1000001011111100 + 100010011101?
-111101001011111
In base 3, what is 10210010100200 - 11?
10210010100112
In base 9, what is 7540445 - -5?
7540451
In base 12, what is 7 + 30a13b1?
30a13b8
In base 16, what is -a + -5966605?
-596660f
In base 13, what is 5 + a9446?
a944b
In base 9, what is -24614 - -456?
-24147
In base 13, what is 3 - 158658b?
-1586588
In base 11, what is 7345 + 980a?
16054
In base 5, what is 0 + -1301331304?
-1301331304
In base 7, what is 0 - -2225215341?
2225215341
In base 9, what is 864273 + 17?
864301
In base 7, what is 2336 + 3004?
5343
In base 13, what is -a + 374231?
374224
In base 4, what is -3332230200 - -3130?
-3332221010
In base 7, what is -203 + 34105?
33602
In base 12, what is -1b8 + 205581?
205385
In base 9, what is -2 + 24578743?
24578741
In base 4, what is -230223313 + 12030?
-230211223
In base 13, what is 104874 - -a7?
10494b
In base 7, what is -3015010363 - -2?
-3015010361
In base 6, what is -335544441 + -3?
-335544444
In base 3, what is 2022211210110 + -21222?
2022211111111
In base 11, what is 5 - -5896694?
5896699
In base 16, what is c231ff + -13?
c231ec
In base 13, what is 20c - 8534?
-8325
In base 14, what is b1 + 217c25?
217cd6
In base 2, what is 10 + -1111100110111011101101?
-1111100110111011101011
In base 9, what is -12 - 7702867?
-7702880
In base 12, what is a089 - -271?
a33a
In base 2, what is 1 - -100000001011100100001010110?
100000001011100100001010111
In base 16, what is 18c00 + 3d9?
18fd9
In base 2, what is -110011000010100010 + 100110?
-110011000001111100
In base 9, what is 84 - 343685?
-343601
In base 6, what is 4 - -124350211?
124350215
In base 15, what is 138 + -c5bb?
-c483
In base 4, what is 0 + -1232002013211?
-1232002013211
In base 10, what is -21117022 - 9?
-21117031
In base 6, what is -3 - -124302113?
124302110
In base 8, what is -174 + 21543745?
21543551
In base 5, what is 204211 + -10013?
144143
In base 14, what is -618c5ad + -3?
-618c5b2
In base 13, what is -8a6879 - -4?
-8a6875
In base 15, what is 1 - 5cb94c?
-5cb94b
In base 11, what is -2571814 + 58?
-2571767
In base 5, what is 4224 - 13414104?
-13404330
In base 5, what is 1133411234 - -130?
1133411414
In base 16, what is -5 + -518c5b?
-518c60
In base 14, what is -a37531 - 1?
-a37532
In base 12, what is -40974b2 - -84?
-409742a
In base 3, what is 2001112 - 1222100221?
-1220022102
In base 6, what is 1 + 2111541353?
2111541354
In base 5, what is -4014414 - -2142?
-4012222
In base 16, what is eaa7d - -41?
eaabe
In base 14, what is 826aa + -1a6?
82504
In base 9, what is -276320165 - 5?
-276320171
In base 2, what is -10110000000100100101100 + -10101?
-10110000000100101000001
In base 13, what is -20810a - -9?
-208101
In base 10, what is -19677555 